in base 9?
55
What is 40 (base 9) in base 12?
30
What is 11 (base 3) in base 10?
4
What is 12 (base 8) in base 9?
11
What is -15 (base 13) in base 4?
-102
Convert 10 (base 3) to base 13.
3
Convert 3 (base 6) to base 2.
11
What is -8 (base 15) in base 12?
-8
What is -100001 (base 2) in base 12?
-29
What is -3 (base 5) in base 15?
-3
What is 4 (base 5) in base 4?
10
23 (base 8) to base 6
31
Convert 5 (base 6) to base 13.
5
125 (base 8) to base 11
78
What is -42 (base 5) in base 14?
-18
42 (base 5) to base 7
31
57 (base 15) to base 5
312
-36 (base 10) to base 6
-100
-2 (base 10) to base 6
-2
Convert -100010 (base 2) to base 4.
-202
-1200 (base 4) to base 16
-60
Convert -21 (base 14) to base 4.
-131
Convert -12 (base 8) to base 15.
-a
What is 11 (base 16) in base 6?
25
Convert -163 (base 9) to base 5.
-1023
What is -1 (base 16) in base 15?
-1
Convert b1 (base 16) to base 4.
2301
What is 6 (base 13) in base 15?
6
What is 3 (base 15) in base 10?
3
Convert 1 (base 6) to base 2.
1
Convert -116 (base 7) to base 6.
-142
Convert 6 (base 9) to base 8.
6
-191 (base 10) to base 9
-232
-10 (base 7) to base 5
-12
What is 4 (base 5) in base 7?
4
Convert -154 (base 8) to base 3.
-11000
What is 313 (base 4) in base 10?
55
Convert -43 (base 14) to base 8.
-73
Convert 0 (base 15) to base 5.
0
-4 (base 7) to base 8
-4
Convert -220 (base 3) to base 4.
-120
-10101 (base 2) to base 12
-19
What is -2 (base 5) in base 3?
-2
Convert 119 (base 12) to base 11.
140
3 (base 8) to base 14
3
Convert -136 (base 7) to base 13.
-5b
-2 (base 11) to base 15
-2
100 (base 4) to base 10
16
Convert -1 (base 16) to base 12.
-1
What is -1100 (base 2) in base 15?
-c
-1 (base 4) to base 7
-1
What is 0 (base 6) in base 12?
0
Convert 14 (base 9) to base 15.
d
240 (base 9) to base 7
402
Convert 199 (base 14) to base 13.
1c6
-2 (base 15) to base 12
-2
Convert -205 (base 6) to base 14.
-57
Convert -27 (base 9) to base 13.
-1c
Convert 10 (base 7) to base 13.
7
What is 13 (base 14) in base 10?
17
b (base 14) to base 15
b
What is -1 (base 7) in base 8?
-1
What is 6 (base 12) in base 5?
11
233 (base 5) to base 9
75
2 (base 15) to base 8
2
-7 (base 8) to base 9
-7
What is 1 (base 9) in base 6?
1
6 (base 9) to base 6
10
What is 0 (base 9) in base 2?
0
What is -112 (base 4) in base 2?
-10110
What is 21 (base 15) in base 10?
31
What is 334 (base 5) in base 6?
234
What is 7 (base 10) in base 7?
10
-2 (base 13) to base 3
-2
What is -1101001 (base 2) in base 15?
-70
Convert -3 (base 5) to base 7.
-3
What is 1 (base 16) in base 2?
1
-11010001 (base 2) to base 16
-d1
Convert -12 (base 10) to base 7.
-15
What is 6 (base 10) in base 7?
6
39 (base 13) to base 6
120
What is -210 (base 7) in base 10?
-105
What is -d (base 14) in base 8?
-15
Convert -18 (base 11) to base 10.
-19
Convert 11 (base 7) to base 2.
1000
Convert 25 (base 14) to base 5.
113
13 (base 12) to base 9
16
Convert 2 (base 4) to base 7.
2
What is -39 (base 15) in base 4?
-312
What is f (base 16) in base 5?
30
5 (base 14) to base 12
5
What is 1 (base 11) in base 12?
1
-32 (base 6) to base 16
-14
Convert -2200 (base 3) to base 13.
-57
What is c (base 15) in base 5?
22
-1 (base 4) to base 16
-1
Convert 10 (base 3) to base 15.
3
What is 106 (base 7) in base 6?
131
Convert -8 (base 10) to base 9.
-8
0 (base 10) to base 8
0
What is -12 (base 16) in base 5?
-33
22 (base 6) to base 11
13
What is 8 (base 13) in base 10?
8
-2c (base 16) to base 9
-48
12 (base 7) to base 16
9
What is 1 (base 7) in base 4?
1
What is 215 (base 9) in base 10?
176
21 (base 5) to base 3
102
Convert -2 (base 15) to base 7.
-2
Convert -cc (base 14) to base 8.
-264
What is -1 (base 10) in base 12?
-1
What is -2 (base 14) in base 4?
-2
What is 19 (base 16) in base 8?
31
Convert 110 (base 13) to base 8.
266
Convert 1 (base 8) to base 11.
1
What is 131 (base 7) in base 5?
241
Convert 72 (base 15) to base 7.
212
Convert -2 (base 4) to base 2.
-10
Convert -33 (base 11) to base 14.
-28
-3 (base 16) to base 9
-3
-11 (base 11) to base 2
-1100
-23 (base 16) to base 11
-32
What is -1b9 (base 12) in base 16?
-11d
-9 (base 12) to base 4
-21
Convert 7 (base 9) to base 5.
12
What is 17b (base 14) in base 6?
1225
What is 1 (base 4) in base 7?
1
-1 (base 4) to base 12
-1
-20c (base 13) to base 16
-15e
Convert -3 (base 11) to base 2.
-11
-1043 (base 5) to base 11
-125
What is 352 (base 6) in base 10?
140
202 (base 5) to base 4
310
Convert -a (base 14) to base 6.
-14
What is 31 (base 9) in base 11?
26
What is 100 (base 4) in base 10?
16
Convert 131 (base 5) to base 4.
221
What is -de (base 15) in base 8?
-321
What is 1 (base 11) in base 6?
1
Convert -4 (base 15) to base 10.
-4
What is -11c (base 13) in base 12?
-142
What is -31 (base 8) in base 16?
-19
Convert -101 (base 2) to base 3.
-12
Convert -30 (base 16) to base 8.
-60
What is -4 (base 14) in base 2?
-100
What is 2 (base 15) in base 13?
2
-146 (base 9) to base 12
-a3
203 (base 4) to base 14
27
What is 23 (base 5) in base 8?
15
1 (base 12) to base 8
1
5 (base 7) to base 14
5
What is -3 (base 13) in base 10?
-3
Convert -6 (base 14) to base 6.
-10
-185 (base 12) to base 7
-500
Convert -1104 (base 6) to base 10.
-256
-5 (base 10) to base 15
-5
Convert -1240 (base 5) to base 9.
-236
Convert 66 (base 8) to base 14.
3c
What is 80 (base 10) in base 7?
143
-21 (base 3) to base 14
-7
-1 (base 16) to base 9
-1
Convert -303 (base 4) to base 12.
-43
-17 (base 11) to base 15
-13
Convert 11 (base 3) to base 7.
4
41 (base 12) to base 6
121
4 (base 5) to base 7
4
Convert -11111 (base 2) to base 10.
-31
What is 2 (base 16) in base 11?
2
What is 36 (base 7) in base 8?
33
What is -10000 (base 2) in base 14?
-12
What is 320 (base 4) in base 12?
48
What is -134 (base 6) in base 5?
-213
132 (base 5) to base 4
222
What is -167 (base 9) in base 6?
-354
-130 (base 6) to base 11
-4a
-39 (base 14) to base 6
-123
Convert -20 (base 13) to base 8.
-32
20 (base 3) to base 5
11
What is -7 (base 15) in base 2?
-111
-75 (base 8) to base 14
-45
What is -4 (base 10) in base 11?
-4
Convert 1a3 (base 11) to base 4.
3222
-a2 (base 15) to base 11
-129
What is -1 (base 2) in base 6?
-1
Convert 11101 (base 2) to base 3.
1002
-8 (base 11) to base 12
-8
Convert 2 (base 14) to base 4.
2
Convert 46 (base 14) to base 11.
57
Convert -4 (base 14) to base 4.
-10
Convert -a (base 14) to base 9.
-11
Convert -1 (base 8) to base 14.
-1
What is 2 (base 12) in base 4?
2
What is 1 (base 3) in base 5?
1
What is 62 (base 11) in base 10?
68
What is 33 (base 15) in base 5?
143
0 (base 12) to base 6
0
101011 (base 2) to base 16
2b
What is 2 (base 8) in base 9?
2
-130 (base 11) to base 3
-12201
Convert -195 (base 13) to base 4.
-10203
121 (base 3) to base 4
100
-3 (base 6) to base 2
-11
Convert -214 (base 5) to base 10.
-59
Convert -1130 (base 5) to base 3.
-20010
What is 1122 (base 3) in base 8?
54
Convert -304 (base 9) to base 13.
-160
1210 (base 4) to base 15
6a
What is -10 (base 2) in base 9?
-2
7 (base 16) to base 7
10
What is 111 (base 2) in base 12?
7
Convert 3 (base 4) to base 3.
10
What is 34 (base 5) in base 11?
18
What is 20 (base 10) in base 6?
32
Convert 42 (base 13) to base 7.
105
Convert 6 (base 7) to base 11.
6
Convert -3 (base 5) to base 16.
-3
-46 (base 10) to base 11
-42
Convert -1 (base 15) to base 9.
-1
-4 (base 6) to base 15
-4
-8 (base 15) to base 10
-8
What is -2 (base 4) in base 13?
-2
What is 88 (base 16) in base 2?
10001000
1131 (base 4) to base 13
72
-3 (base 16) to base 8
-3
Convert -54 (base 6) to base 15.
-24
What is -2 (base 9) in base 6?
-2
Convert -7 (base 12) to base 3.
-21
What is 200 (base 3) in base 14?
14
Convert 405 (base 6) to base 12.
105
-15 (base 11) to base 5
-31
Convert -a (base 12) to base 16.
-a
-8 (base 15) to base 13
-8
Convert 25 (base 7) to base 12.
17
Convert 0 (base 9) to base 13.
0
What is -75 (base 11) in base 5?
-312
What is -3 (base 13) in base 16?
-3
What is 15 (base 7) in base 3?
110
38 (base 13) to base 6
115
0 (base 4) to base 8
0
What is 252 (base 7) in base 16?
87
-14 (base 7) to base 13
-b
-2221 (base 3) to base 6
-211
Convert -12 (base 8) to base 11.
-a
-20 (base 3) to base 10
-6
Convert -c (base 13) to base 16.
-c
What is -d (base 14) in base 9?
-14
7 (base 10) to base 16
7
What is -144 (base 5) in base 13?
-3a
What is -22 (base 3) in